{"id":196,"date":"2015-01-16T00:08:37","date_gmt":"2015-01-16T00:08:37","guid":{"rendered":"http:\/\/www.rouillier.com\/fiduc\/?page_id=196"},"modified":"2024-04-07T16:41:07","modified_gmt":"2024-04-07T15:41:07","slug":"accueil","status":"publish","type":"page","link":"https:\/\/www.boudet-audit.com\/boudet\/","title":{"rendered":"ACCUEIL"},"content":{"rendered":"<p><span class=\"azur\"><img loading=\"lazy\" decoding=\"async\" class=\"wp-image-988 aligncenter\" src=\"https:\/\/www.boudet-audit.com\/boudet\/wp-content\/uploads\/2015\/10\/accueil.png\" alt=\"accueil\" width=\"905\" height=\"263\" srcset=\"https:\/\/www.boudet-audit.com\/boudet\/wp-content\/uploads\/2015\/10\/accueil.png 960w, https:\/\/www.boudet-audit.com\/boudet\/wp-content\/uploads\/2015\/10\/accueil-300x87.png 300w, https:\/\/www.boudet-audit.com\/boudet\/wp-content\/uploads\/2015\/10\/accueil-600x174.png 600w, https:\/\/www.boudet-audit.com\/boudet\/wp-content\/uploads\/2015\/10\/accueil-640x186.png 640w\" sizes=\"auto, (max-width: 905px) 100vw, 905px\" \/><\/span><\/p>\n<p><span class=\"azur\">PRESENTATION DU CABINET<\/span><\/p>\n<p style=\"text-align: justify;\">Vous \u00eates une <strong>PME <\/strong>? Vous cherchez un <strong>Commissaire aux comptes<\/strong> ou un <strong>Expert-comptable de confiance<\/strong> ?<\/p>\n<p style=\"text-align: justify;\">Nos experts, au sein des entit\u00e9s <strong>BOUDET &amp; ASSOCIES et FIDUC EXPERTS<\/strong>, vous accompagnent dans ces 2 m\u00e9tiers selon une approche <strong>sur-mesure<\/strong>.<\/p>\n<p style=\"text-align: justify;\">Bas\u00e9s aux portes de Paris, \u00e0 Saint-Maur-des-Foss\u00e9s (94), et toujours proches de vous, nous nous d\u00e9pla\u00e7ons chez nos clients en <strong>Ile-de-France<\/strong> et sur la France enti\u00e8re.<\/p>\n<table style=\"height: 181px;\" width=\"1061\">\n<tbody>\n<tr class=\"cellule\" style=\"font-size: 14px;\">\n<td width=\"50%\"><span class=\"azur\">VOS BESOINS\u00a0EN AUDIT &amp; COMMISSARIAT AUX COMPTES\u00a0?<\/span><\/p>\n<ul>\n<li style=\"text-align: left;\">Auditer et certifier vos comptes<\/li>\n<li style=\"text-align: left;\">Contr\u00f4ler le bon fonctionnement de vos processus internes<\/li>\n<li style=\"text-align: left;\">Auditer dans le cadre d\u2019apports, de fusion ou de transformation de votre soci\u00e9t\u00e9<\/li>\n<li style=\"text-align: left;\">Auditer une entreprise \u00e0 racheter<\/li>\n<\/ul>\n<\/td>\n<td width=\"50%\"><span class=\"azur\">VOS BESOINS\u00a0EN EXPERTISE COMPTABLE &amp; CONSEIL\u00a0?<\/span><\/p>\n<ul>\n<li style=\"text-align: left;\">R\u00e9viser vos comptes<\/li>\n<li style=\"text-align: left;\">Optimiser votre fiscalit\u00e9<\/li>\n<li style=\"text-align: left;\">Vous conseiller pour mieux g\u00e9rer votre soci\u00e9t\u00e9<\/li>\n<li style=\"text-align: left;\">Vous accompagner dans votre projet d\u2019acquisition ou de cession d\u2019entreprise<\/li>\n<li style=\"text-align: left;\">Evaluer votre soci\u00e9t\u00e9<\/li>\n<li style=\"text-align: left;\">Vous assister dans le r\u00e8glement des litiges<\/li>\n<\/ul>\n<\/td>\n<\/tr>\n<\/tbody>\n<\/table>\n<div class=\"pdfprnt-buttons pdfprnt-buttons-page pdfprnt-bottom-right\"><a href=\"https:\/\/www.boudet-audit.com\/boudet\/wp-json\/wp\/v2\/pages\/196?print=pdf\" class=\"pdfprnt-button pdfprnt-button-pdf\" target=\"_blank\" ><img decoding=\"async\" src=\"http:\/\/www.boudet-audit.com\/boudet\/wp-content\/plugins\/pdf-print\/images\/pdf.png\" alt=\"image_pdf\" title=\"Afficher le PDF\" \/><\/a><a href=\"https:\/\/www.boudet-audit.com\/boudet\/wp-json\/wp\/v2\/pages\/196?print=print\" class=\"pdfprnt-button pdfprnt-button-print\" target=\"_blank\" ><img decoding=\"async\" src=\"http:\/\/www.boudet-audit.com\/boudet\/wp-content\/plugins\/pdf-print\/images\/print.png\" alt=\"image_print\" title=\"Contenu imprim\u00e9\" \/><\/a><\/div>","protected":false},"excerpt":{"rendered":"<p>PRESENTATION DU CABINET Vous \u00eates une PME ? Vous cherchez un Commissaire aux comptes ou un Expert-comptable de confiance ? Nos experts, au sein des entit\u00e9s BOUDET &amp; ASSOCIES et FIDUC EXPERTS, vous accompagnent dans ces 2 m\u00e9tiers selon une approche sur-mesure. Bas\u00e9s aux portes de Paris, \u00e0 Saint-Maur-des-Foss\u00e9s (94), et toujours proches de vous,&hellip;<\/p>\n","protected":false},"author":1,"featured_media":0,"parent":0,"menu_order":0,"comment_status":"closed","ping_status":"closed","template":"","meta":{"footnotes":""},"class_list":["post-196","page","type-page","status-publish","hentry","entry","no-media"],"yoast_head":"<!-- This site is optimized with the Yoast SEO plugin v27.4 - https:\/\/yoast.com\/product\/yoast-seo-wordpress\/ -->\n<title>BOUDET &amp; ASSOCIES - FIDUC EXPERTS : Expert comptable, Commissaire aux comptes<\/title>\n<meta name=\"description\" content=\"Expertise comptable, Conseil, Audit &amp; Commissariat aux comptes - Paris Ile-de-France - Cabinet aux portes de Paris, dans le 94 \u00e0 Vincennes\" \/>\n<meta name=\"robots\" content=\"index, follow, max-snippet:-1, max-image-preview:large, max-video-preview:-1\" \/>\n<link rel=\"canonical\" href=\"https:\/\/www.boudet-audit.com\/boudet\/\" \/>\n<meta property=\"og:locale\" content=\"fr_FR\" \/>\n<meta property=\"og:type\" content=\"article\" \/>\n<meta property=\"og:title\" content=\"BOUDET &amp; ASSOCIES - FIDUC EXPERTS : Expert comptable, Commissaire aux comptes\" \/>\n<meta property=\"og:description\" content=\"Expertise comptable, Conseil, Audit &amp; Commissariat aux comptes - Paris Ile-de-France - Cabinet aux portes de Paris, dans le 94 \u00e0 Vincennes\" \/>\n<meta property=\"og:url\" content=\"https:\/\/www.boudet-audit.com\/boudet\/\" \/>\n<meta property=\"og:site_name\" content=\"BOUDET &amp; ASSOCI\u00c9S - FIDUC EXPERTS\" \/>\n<meta property=\"article:modified_time\" content=\"2024-04-07T15:41:07+00:00\" \/>\n<meta property=\"og:image\" content=\"http:\/\/www.boudet-audit.com\/boudet\/wp-content\/uploads\/2015\/10\/accueil.png\" \/>\n<meta name=\"twitter:card\" content=\"summary_large_image\" \/>\n<meta name=\"twitter:label1\" content=\"Dur\u00e9e de lecture estim\u00e9e\" \/>\n\t<meta name=\"twitter:data1\" content=\"1 minute\" \/>\n<script type=\"application\/ld+json\" class=\"yoast-schema-graph\">{\"@context\":\"https:\\\/\\\/schema.org\",\"@graph\":[{\"@type\":\"WebPage\",\"@id\":\"https:\\\/\\\/www.boudet-audit.com\\\/boudet\\\/\",\"url\":\"https:\\\/\\\/www.boudet-audit.com\\\/boudet\\\/\",\"name\":\"BOUDET & ASSOCIES - FIDUC EXPERTS : Expert comptable, Commissaire aux comptes\",\"isPartOf\":{\"@id\":\"https:\\\/\\\/www.boudet-audit.com\\\/boudet\\\/#website\"},\"primaryImageOfPage\":{\"@id\":\"https:\\\/\\\/www.boudet-audit.com\\\/boudet\\\/#primaryimage\"},\"image\":{\"@id\":\"https:\\\/\\\/www.boudet-audit.com\\\/boudet\\\/#primaryimage\"},\"thumbnailUrl\":\"http:\\\/\\\/www.boudet-audit.com\\\/boudet\\\/wp-content\\\/uploads\\\/2015\\\/10\\\/accueil.png\",\"datePublished\":\"2015-01-16T00:08:37+00:00\",\"dateModified\":\"2024-04-07T15:41:07+00:00\",\"description\":\"Expertise comptable, Conseil, Audit & Commissariat aux comptes - Paris Ile-de-France - Cabinet aux portes de Paris, dans le 94 \u00e0 Vincennes\",\"breadcrumb\":{\"@id\":\"https:\\\/\\\/www.boudet-audit.com\\\/boudet\\\/#breadcrumb\"},\"inLanguage\":\"fr-FR\",\"potentialAction\":[{\"@type\":\"ReadAction\",\"target\":[\"https:\\\/\\\/www.boudet-audit.com\\\/boudet\\\/\"]}]},{\"@type\":\"ImageObject\",\"inLanguage\":\"fr-FR\",\"@id\":\"https:\\\/\\\/www.boudet-audit.com\\\/boudet\\\/#primaryimage\",\"url\":\"http:\\\/\\\/www.boudet-audit.com\\\/boudet\\\/wp-content\\\/uploads\\\/2015\\\/10\\\/accueil.png\",\"contentUrl\":\"http:\\\/\\\/www.boudet-audit.com\\\/boudet\\\/wp-content\\\/uploads\\\/2015\\\/10\\\/accueil.png\"},{\"@type\":\"BreadcrumbList\",\"@id\":\"https:\\\/\\\/www.boudet-audit.com\\\/boudet\\\/#breadcrumb\",\"itemListElement\":[{\"@type\":\"ListItem\",\"position\":1,\"name\":\"Accueil\",\"item\":\"https:\\\/\\\/www.boudet-audit.com\\\/boudet\\\/\"},{\"@type\":\"ListItem\",\"position\":2,\"name\":\"ACCUEIL\"}]},{\"@type\":\"WebSite\",\"@id\":\"https:\\\/\\\/www.boudet-audit.com\\\/boudet\\\/#website\",\"url\":\"https:\\\/\\\/www.boudet-audit.com\\\/boudet\\\/\",\"name\":\"BOUDET &amp; ASSOCI\u00c9S - FIDUC EXPERTS\",\"description\":\"Commissariat aux comptes &amp; Expertise comptable\",\"publisher\":{\"@id\":\"https:\\\/\\\/www.boudet-audit.com\\\/boudet\\\/#organization\"},\"potentialAction\":[{\"@type\":\"SearchAction\",\"target\":{\"@type\":\"EntryPoint\",\"urlTemplate\":\"https:\\\/\\\/www.boudet-audit.com\\\/boudet\\\/?s={search_term_string}\"},\"query-input\":{\"@type\":\"PropertyValueSpecification\",\"valueRequired\":true,\"valueName\":\"search_term_string\"}}],\"inLanguage\":\"fr-FR\"},{\"@type\":\"Organization\",\"@id\":\"https:\\\/\\\/www.boudet-audit.com\\\/boudet\\\/#organization\",\"name\":\"BOUDET & ASSOCIES - FIDUC EXPERTS\",\"url\":\"https:\\\/\\\/www.boudet-audit.com\\\/boudet\\\/\",\"logo\":{\"@type\":\"ImageObject\",\"inLanguage\":\"fr-FR\",\"@id\":\"https:\\\/\\\/www.boudet-audit.com\\\/boudet\\\/#\\\/schema\\\/logo\\\/image\\\/\",\"url\":\"https:\\\/\\\/www.boudet-audit.com\\\/boudet\\\/wp-content\\\/uploads\\\/2021\\\/01\\\/logo1.jpg\",\"contentUrl\":\"https:\\\/\\\/www.boudet-audit.com\\\/boudet\\\/wp-content\\\/uploads\\\/2021\\\/01\\\/logo1.jpg\",\"width\":800,\"height\":100,\"caption\":\"BOUDET & ASSOCIES - FIDUC EXPERTS\"},\"image\":{\"@id\":\"https:\\\/\\\/www.boudet-audit.com\\\/boudet\\\/#\\\/schema\\\/logo\\\/image\\\/\"}}]}<\/script>\n<!-- \/ Yoast SEO plugin. -->","yoast_head_json":{"title":"BOUDET & ASSOCIES - FIDUC EXPERTS : Expert comptable, Commissaire aux comptes","description":"Expertise comptable, Conseil, Audit & Commissariat aux comptes - Paris Ile-de-France - Cabinet aux portes de Paris, dans le 94 \u00e0 Vincennes","robots":{"index":"index","follow":"follow","max-snippet":"max-snippet:-1","max-image-preview":"max-image-preview:large","max-video-preview":"max-video-preview:-1"},"canonical":"https:\/\/www.boudet-audit.com\/boudet\/","og_locale":"fr_FR","og_type":"article","og_title":"BOUDET & ASSOCIES - FIDUC EXPERTS : Expert comptable, Commissaire aux comptes","og_description":"Expertise comptable, Conseil, Audit & Commissariat aux comptes - Paris Ile-de-France - Cabinet aux portes de Paris, dans le 94 \u00e0 Vincennes","og_url":"https:\/\/www.boudet-audit.com\/boudet\/","og_site_name":"BOUDET &amp; ASSOCI\u00c9S - FIDUC EXPERTS","article_modified_time":"2024-04-07T15:41:07+00:00","og_image":[{"url":"http:\/\/www.boudet-audit.com\/boudet\/wp-content\/uploads\/2015\/10\/accueil.png","type":"","width":"","height":""}],"twitter_card":"summary_large_image","twitter_misc":{"Dur\u00e9e de lecture estim\u00e9e":"1 minute"},"schema":{"@context":"https:\/\/schema.org","@graph":[{"@type":"WebPage","@id":"https:\/\/www.boudet-audit.com\/boudet\/","url":"https:\/\/www.boudet-audit.com\/boudet\/","name":"BOUDET & ASSOCIES - FIDUC EXPERTS : Expert comptable, Commissaire aux comptes","isPartOf":{"@id":"https:\/\/www.boudet-audit.com\/boudet\/#website"},"primaryImageOfPage":{"@id":"https:\/\/www.boudet-audit.com\/boudet\/#primaryimage"},"image":{"@id":"https:\/\/www.boudet-audit.com\/boudet\/#primaryimage"},"thumbnailUrl":"http:\/\/www.boudet-audit.com\/boudet\/wp-content\/uploads\/2015\/10\/accueil.png","datePublished":"2015-01-16T00:08:37+00:00","dateModified":"2024-04-07T15:41:07+00:00","description":"Expertise comptable, Conseil, Audit & Commissariat aux comptes - Paris Ile-de-France - Cabinet aux portes de Paris, dans le 94 \u00e0 Vincennes","breadcrumb":{"@id":"https:\/\/www.boudet-audit.com\/boudet\/#breadcrumb"},"inLanguage":"fr-FR","potentialAction":[{"@type":"ReadAction","target":["https:\/\/www.boudet-audit.com\/boudet\/"]}]},{"@type":"ImageObject","inLanguage":"fr-FR","@id":"https:\/\/www.boudet-audit.com\/boudet\/#primaryimage","url":"http:\/\/www.boudet-audit.com\/boudet\/wp-content\/uploads\/2015\/10\/accueil.png","contentUrl":"http:\/\/www.boudet-audit.com\/boudet\/wp-content\/uploads\/2015\/10\/accueil.png"},{"@type":"BreadcrumbList","@id":"https:\/\/www.boudet-audit.com\/boudet\/#breadcrumb","itemListElement":[{"@type":"ListItem","position":1,"name":"Accueil","item":"https:\/\/www.boudet-audit.com\/boudet\/"},{"@type":"ListItem","position":2,"name":"ACCUEIL"}]},{"@type":"WebSite","@id":"https:\/\/www.boudet-audit.com\/boudet\/#website","url":"https:\/\/www.boudet-audit.com\/boudet\/","name":"BOUDET &amp; ASSOCI\u00c9S - FIDUC EXPERTS","description":"Commissariat aux comptes &amp; Expertise comptable","publisher":{"@id":"https:\/\/www.boudet-audit.com\/boudet\/#organization"},"potentialAction":[{"@type":"SearchAction","target":{"@type":"EntryPoint","urlTemplate":"https:\/\/www.boudet-audit.com\/boudet\/?s={search_term_string}"},"query-input":{"@type":"PropertyValueSpecification","valueRequired":true,"valueName":"search_term_string"}}],"inLanguage":"fr-FR"},{"@type":"Organization","@id":"https:\/\/www.boudet-audit.com\/boudet\/#organization","name":"BOUDET & ASSOCIES - FIDUC EXPERTS","url":"https:\/\/www.boudet-audit.com\/boudet\/","logo":{"@type":"ImageObject","inLanguage":"fr-FR","@id":"https:\/\/www.boudet-audit.com\/boudet\/#\/schema\/logo\/image\/","url":"https:\/\/www.boudet-audit.com\/boudet\/wp-content\/uploads\/2021\/01\/logo1.jpg","contentUrl":"https:\/\/www.boudet-audit.com\/boudet\/wp-content\/uploads\/2021\/01\/logo1.jpg","width":800,"height":100,"caption":"BOUDET & ASSOCIES - FIDUC EXPERTS"},"image":{"@id":"https:\/\/www.boudet-audit.com\/boudet\/#\/schema\/logo\/image\/"}}]}},"_links":{"self":[{"href":"https:\/\/www.boudet-audit.com\/boudet\/wp-json\/wp\/v2\/pages\/196","targetHints":{"allow":["GET"]}}],"collection":[{"href":"https:\/\/www.boudet-audit.com\/boudet\/wp-json\/wp\/v2\/pages"}],"about":[{"href":"https:\/\/www.boudet-audit.com\/boudet\/wp-json\/wp\/v2\/types\/page"}],"author":[{"embeddable":true,"href":"https:\/\/www.boudet-audit.com\/boudet\/wp-json\/wp\/v2\/users\/1"}],"replies":[{"embeddable":true,"href":"https:\/\/www.boudet-audit.com\/boudet\/wp-json\/wp\/v2\/comments?post=196"}],"version-history":[{"count":51,"href":"https:\/\/www.boudet-audit.com\/boudet\/wp-json\/wp\/v2\/pages\/196\/revisions"}],"predecessor-version":[{"id":4532,"href":"https:\/\/www.boudet-audit.com\/boudet\/wp-json\/wp\/v2\/pages\/196\/revisions\/4532"}],"wp:attachment":[{"href":"https:\/\/www.boudet-audit.com\/boudet\/wp-json\/wp\/v2\/media?parent=196"}],"curies":[{"name":"wp","href":"https:\/\/api.w.org\/{rel}","templated":true}]}}